{"version":"1.0","provider_name":"ge-sagt.de","provider_url":"https:\/\/www.ge-sagt.de","title":"Ge-kocht: Schinken-Lauch Tarte - ge-sagt.de","type":"rich","width":600,"height":338,"html":"<blockquote class=\"wp-embedded-content\" data-secret=\"PkPjotssaG\"><a href=\"https:\/\/www.ge-sagt.de\/index.php\/ge-kocht-schinken-lauch-tarte\/\">Ge-kocht: Schinken-Lauch Tarte<\/a><\/blockquote><iframe sandbox=\"allow-scripts\" security=\"restricted\" src=\"https:\/\/www.ge-sagt.de\/index.php\/ge-kocht-schinken-lauch-tarte\/embed\/#?secret=PkPjotssaG\" width=\"600\" height=\"338\" title=\"&#8222;Ge-kocht: Schinken-Lauch Tarte&#8220; &#8211; ge-sagt.de\" data-secret=\"PkPjotssaG\" frameborder=\"0\" marginwidth=\"0\" marginheight=\"0\" scrolling=\"no\" class=\"wp-embedded-content\"><\/iframe><script type=\"text\/javascript\">\n\/* <![CDATA[ *\/\n\/*! This file is auto-generated *\/\n!function(d,l){\"use strict\";l.querySelector&&d.addEventListener&&\"undefined\"!=typeof URL&&(d.wp=d.wp||{},d.wp.receiveEmbedMessage||(d.wp.receiveEmbedMessage=function(e){var t=e.data;if((t||t.secret||t.message||t.value)&&!\/[^a-zA-Z0-9]\/.test(t.secret)){for(var s,r,n,a=l.querySelectorAll('iframe[data-secret=\"'+t.secret+'\"]'),o=l.querySelectorAll('blockquote[data-secret=\"'+t.secret+'\"]'),c=new RegExp(\"^https?:$\",\"i\"),i=0;i<o.length;i++)o[i].style.display=\"none\";for(i=0;i<a.length;i++)s=a[i],e.source===s.contentWindow&&(s.removeAttribute(\"style\"),\"height\"===t.message?(1e3<(r=parseInt(t.value,10))?r=1e3:~~r<200&&(r=200),s.height=r):\"link\"===t.message&&(r=new URL(s.getAttribute(\"src\")),n=new URL(t.value),c.test(n.protocol))&&n.host===r.host&&l.activeElement===s&&(d.top.location.href=t.value))}},d.addEventListener(\"message\",d.wp.receiveEmbedMessage,!1),l.addEventListener(\"DOMContentLoaded\",function(){for(var e,t,s=l.querySelectorAll(\"iframe.wp-embedded-content\"),r=0;r<s.length;r++)(t=(e=s[r]).getAttribute(\"data-secret\"))||(t=Math.random().toString(36).substring(2,12),e.src+=\"#?secret=\"+t,e.setAttribute(\"data-secret\",t)),e.contentWindow.postMessage({message:\"ready\",secret:t},\"*\")},!1)))}(window,document);\n\/\/# sourceURL=https:\/\/www.ge-sagt.de\/wp-includes\/js\/wp-embed.min.js\n\/* ]]> *\/\n<\/script>\n","thumbnail_url":"https:\/\/www.ge-sagt.de\/wp-content\/uploads\/2013\/04\/Lauch-Tarte.jpg","thumbnail_width":600,"thumbnail_height":748,"description":"Ist das jetzt Ge-backen oder Ge-kocht? Nun gut, auf alle F\u00e4lle ist es Ge-gessen, weil die Tarte so lecker und ein tolles Abendessen ist. Wenn man die Tarte noch mit einem Salat und einem sch\u00f6nen Wein kombiniert, dann kann man sie auch wunderbar f\u00fcr ein Essen unter Freunden verwenden. Sie l\u00e4\u00dft sich gut vorbereiten und [&hellip;]"}

Ist das jetzt Ge-backen oder Ge-kocht? Nun gut, auf alle Fälle ist es Ge-gessen, weil die Tarte so lecker und ein tolles Abendessen ist. Wenn man die Tarte noch mit einem Salat und einem schönen Wein kombiniert, dann kann man sie auch wunderbar für ein Essen unter Freunden verwenden. Sie läßt sich gut vorbereiten und [&hellip;]
